alculate the remainder when 34 is divided by 29.
5
What is the remainder when 2030 is divided by 48?
14
What is the remainder when 530 is divided by 259?
12
What is the remainder when 1631 is divided by 815?
1
What is the remainder when 6234 is divided by 21?
18
What is the remainder when 442 is divided by 144?
10
Calculate the remainder when 14068 is divided by 14.
12
Calculate the remainder when 422 is divided by 206.
10
What is the remainder when 607 is divided by 577?
30
Calculate the remainder when 523 is divided by 21.
19
What is the remainder when 4653 is divided by 2322?
9
What is the remainder when 145 is divided by 38?
31
What is the remainder when 290 is divided by 18?
2
What is the remainder when 806 is divided by 264?
14
Calculate the remainder when 57 is divided by 44.
13
Calculate the remainder when 31 is divided by 14.
3
Calculate the remainder when 580 is divided by 289.
2
Calculate the remainder when 100 is divided by 37.
26
Calculate the remainder when 3085 is divided by 15.
10
Calculate the remainder when 146 is divided by 70.
6
What is the remainder when 661 is divided by 95?
91
What is the remainder when 646 is divided by 11?
8
What is the remainder when 483 is divided by 46?
23
Calculate the remainder when 54 is divided by 19.
16
Calculate the remainder when 3805 is divided by 57.
43
What is the remainder when 989 is divided by 72?
53
Calculate the remainder when 200 is divided by 7.
4
Calculate the remainder when 27 is divided by 20.
7
What is the remainder when 165 is divided by 24?
21
What is the remainder when 1591 is divided by 12?
7
Calculate the remainder when 310 is divided by 105.
100
What is the remainder when 1841 is divided by 261?
14
What is the remainder when 142 is divided by 13?
12
What is the remainder when 407 is divided by 93?
35
Calculate the remainder when 297 is divided by 138.
21
What is the remainder when 219 is divided by 37?
34
What is the remainder when 160 is divided by 7?
6
What is the remainder when 183 is divided by 182?
1
Calculate the remainder when 131 is divided by 61.
9
What is the remainder when 362 is divided by 46?
40
What is the remainder when 1727 is divided by 75?
2
Calculate the remainder when 59 is divided by 20.
19
Calculate the remainder when 137 is divided by 35.
32
What is the remainder when 619 is divided by 31?
30
Calculate the remainder when 783 is divided by 771.
12
Calculate the remainder when 298 is divided by 16.
10
Calculate the remainder when 96 is divided by 17.
11
Calculate the remainder when 379 is divided by 77.
71
What is the remainder when 242 is divided by 141?
101
What is the remainder when 189 is divided by 18?
9
Calculate the remainder when 267 is divided by 115.
37
What is the remainder when 581 is divided by 159?
104
What is the remainder when 93 is divided by 41?
11
What is the remainder when 3534 is divided by 4?
2
Calculate the remainder when 61 is divided by 11.
6
Calculate the remainder when 335 is divided by 5.
0
Calculate the remainder when 233 is divided by 119.
114
Calculate the remainder when 373 is divided by 75.
73
What is the remainder when 734 is divided by 49?
48
Calculate the remainder when 11383 is divided by 259.
246
What is the remainder when 357 is divided by 34?
17
Calculate the remainder when 368 is divided by 10.
8
What is the remainder when 1012 is divided by 29?
26
Calculate the remainder when 1572 is divided by 175.
172
Calculate the remainder when 368 is divided by 93.
89
Calculate the remainder when 42 is divided by 35.
7
Calculate the remainder when 69 is divided by 8.
5
What is the remainder when 500 is divided by 75?
50
What is the remainder when 2055 is divided by 39?
27
Calculate the remainder when 569 is divided by 13.
10
What is the remainder when 34885 is divided by 178?
175
Calculate the remainder when 444 is divided by 114.
102
What is the remainder when 83 is divided by 10?
3
Calculate the remainder when 162 is divided by 76.
10
Calculate the remainder when 44 is divided by 16.
12
What is the remainder when 2027 is divided by 9?
2
Calculate the remainder when 1298 is divided by 8.
2
What is the remainder when 816 is divided by 118?
108
What is the remainder when 286 is divided by 33?
22
What is the remainder when 393 is divided by 35?
8
Calculate the remainder when 1497 is divided by 16.
9
What is the remainder when 360 is divided by 114?
18
Calculate the remainder when 832 is divided by 415.
2
What is the remainder when 561 is divided by 187?
0
Calculate the remainder when 17709 is divided by 253.
252
What is the remainder when 4914 is divided by 164?
158
Calculate the remainder when 7 is divided by 4.
3
Calculate the remainder when 1070 is divided by 99.
80
Calculate the remainder when 376 is divided by 126.
124
What is the remainder when 261 is divided by 121?
19
What is the remainder when 335 is divided by 56?
55
Calculate the remainder when 390 is divided by 31.
18
What is the remainder when 201 is divided by 53?
42
What is the remainder when 838 is divided by 265?
43
Calculate the remainder when 118 is divided by 11.
8
What is the remainder when 201 is divided by 73?
55
Calculate the remainder when 476 is divided by 30.
26
What is the remainder when 69 is divided by 20?
9
What is the remainder when 443 is divided by 74?
73
Calculate the remainder when 166 is divided by 57.
52
What is the remainder when 200 is divided by 39?
5
Calculate the remainder when 490 is divided by 17.
14
What is the remainder when 191 is divided by 17?
4
Calculate the remainder when 1001 is divided by 44.
33
What is the remainder when 265 is divided by 19?
18
What is the remainder when 819 is divided by 28?
7
What is the remainder when 692 is divided by 36?
8
What is the remainder when 1038 is divided by 50?
38
Calculate the remainder when 54853 is divided by 15.
13
What is the remainder when 5921 is divided by 228?
221
Calculate the remainder when 858 is divided by 55.
33
What is the remainder when 219 is divided by 13?
11
Calculate the remainder when 89 is divided by 9.
8
Calculate the remainder when 399 is divided by 40.
39
Calculate the remainder when 534 is divided by 28.
2
Calculate the remainder when 349 is divided by 9.
7
What is the remainder when 28 is divided by 14?
0
Calculate the remainder when 719 is divided by 103.
101
What is the remainder when 269 is divided by 267?
2
What is the remainder when 236 is divided by 62?
50
Calculate the remainder when 576 is divided by 4.
0
What is the remainder when 637 is divided by 44?
21
Calculate the remainder when 85 is divided by 35.
15
Calculate the remainder when 258 is divided by 32.
2
Calculate the remainder when 753 is divided by 18.
15
Calculate the remainder when 741 is divided by 298.
145
What is the remainder when 240 is divided by 52?
32
What is the remainder when 270 is divided by 69?
63
Calculate the remainder when 16031 is divided by 96.
95
Calculate the remainder when 4693 is divided by 60.
13
Calculate the remainder when 383 is divided by 107.
62
What is the remainder when 375 is divided by 331?
44
What is the remainder when 67 is divided by 37?
30
What is the remainder when 312 is divided by 25?
12
What is the remainder when 1026 is divided by 102?
6
Calculate the remainder when 296 is divided by 145.
6
What is the remainder when 164 is divided by 2?
0
What is the remainder when 169 is divided by 28?
1
What is the remainder when 39 is divided by 22?
17
Calculate the remainder when 32639 is divided by 20.
19
What is the remainder when 372 is divided by 170?
32
Calculate the remainder when 2330 is divided by 287.
34
Calculate the remainder when 446 is divided by 108.
14
What is the remainder when 663 is divided by 45?
33
What is the remainder when 150 is divided by 57?
36
Calculate the remainder when 168 is divided by 44.
36
Calculate the remainder when 107 is divided by 18.
17
Calculate the remainder when 224 is divided by 9.
8
What is the remainder when 158 is divided by 44?
26
Calculate the remainder when 1230 is divided by 13.
8
Calculate the remainder when 307 is divided by 253.
54
Calculate the remainder when 119 is divided by 55.
9
Calculate the remainder when 101 is divided by 10.
1
Calculate the remainder when 83 is divided by 29.
25
Calculate the remain